{"id":30,"date":"2021-12-07T09:30:56","date_gmt":"2021-12-07T09:30:56","guid":{"rendered":"https:\/\/live.21lab.co\/fixlab\/?page_id=30"},"modified":"2025-01-27T17:21:48","modified_gmt":"2025-01-27T16:21:48","slug":"e-learning","status":"publish","type":"page","link":"https:\/\/thermalati.hu\/site\/e-learning\/","title":{"rendered":"E-Learning k\u00e9pz\u00e9s"},"content":{"rendered":"<style>\/*! elementor - v3.5.6 - 28-02-2022 *\/<br \/>\n.elementor-widget-image{text-align:center}.elementor-widget-image a{display:inline-block}.elementor-widget-image a img[src$=\".svg\"]{width:48px}.elementor-widget-image img{vertical-align:middle;display:inline-block}<\/style>\n<p>\t\t\t\t\t\t\t\t\t\t\t\t<img width=\"768\" height=\"444\" src=\"https:\/\/thermalati.hu\/site\/wp-content\/uploads\/2022\/10\/thermal_kocsi.jpg\" alt=\"\" loading=\"lazy\">\t\t\t\t\t\t\t\t\t\t\t\t\t\t\t<\/p>\n<h2>E-Learning<\/h2>\n<p>ISKOL\u00c1NK LEHET\u0150S\u00c9GET BIZTOS\u00cdT, HOGY AK\u00c1R OTTHON IS FELK\u00c9SZ\u00dcLJ\u00d6N A KRESZ VIZSG\u00c1J\u00c1RA. NEM KELL BEJ\u00c1RNI TANTERMI OKTAT\u00c1SRA, K\u00c9NYELMESEN OTTHON, A SAJ\u00c1T ID\u0150BEOSZT\u00c1SA SZERINT TUD FELK\u00c9SZ\u00dcLNI AZ ELM\u00c9LETI VIZSG\u00c1RA.<\/p>\n<p>ISKOL\u00c1NKN\u00c1L MINDEN K\u00d6LTS\u00c9GET (R\u00c9SZLETEKBEN) CSAK A FELMER\u00dcL\u00c9SEKOR KELL FIZETNI! Szerz\u0151d\u00e9sben garant\u00e1ljuk, hogy a felsorolt tanfolyamd\u00edjak 6 h\u00f3napig NEM EMELKEDNEK!<\/p>\n<p><\/p>\n\n\n<\/p>\n<h2 style=\"text-align: left;\">El\u0151nyei:<\/h2>\n<p>\n\n\n\n<\/p>\n<ul>\n<li>Modern, gyors, k\u00e9nyelmes \u00e9s hat\u00e9kony<\/li>\n<li>A felk\u00e9sz\u00fcl\u00e9s k\u00f6nnyebb, a vizsga az elektronikus k\u00e9pz\u00e9shez hasonl\u00f3 sz\u00e1m\u00edt\u00f3g\u00e9pes k\u00f6rnyezetben t\u00f6rt\u00e9nik, \u00edgy ennek a kezel\u00e9se \u00e9s megszok\u00e1sa m\u00e1r a tanul\u00e1s folyamata alatt rutinn\u00e1 v\u00e1lik.<\/li>\n<li>A m\u00e1r elv\u00e9gzett tananyagr\u00e9szek tetsz\u0151leges sz\u00e1mban \u00fajratanulhat\u00f3ak, a tesztek ism\u00e9telhet\u0151ek, folyamatos szintfelm\u00e9r\u00e9ssel \u00e9s visszajelz\u00e9ssel minden modul v\u00e9g\u00e9n.<\/li>\n<li>Gyakorlai vezet\u00e9s helysz\u00edne B\u00e9k\u00e9scsaba.<\/li>\n<li>R\u00e9szletfizet\u00e9s az oktat\u00e1s menet\u00e9ben.<\/li>\n<\/ul>\n<p>\n\n\n\n<\/p>\n<h2>A jelentkez\u00e9s menete:<\/h2>\n<p>\n\n\n\n<\/p>\n<h4><b>Jelentkezni online is lehet. Kattintson weboldalunkon b\u00e1rhol a &#8220;BEIRATKOZ\u00c1S E-LEARNING K\u00c9PZ\u00c9SRE&#8221;&nbsp; vagy a &#8220;Jelentkez\u00e9s&#8221; gombra b\u00e1rmely kateg\u00f3ri\u00e1n\u00e1l!<\/b><\/h4>\n<ul style=\"color: #57575a; font-weight: 600;\">\n<li>Az iroda \u00fcgyf\u00e9lfogad\u00e1si idej\u00e9ben (h\u00e9tf\u0151nk\u00e9nt 9-14 \u00f3r\u00e1ig, kedden 13-16 \u00f3r\u00e1ig ).<\/li>\n<li>\u00c9rv\u00e9nyes szem\u00e9lyi igazolv\u00e1nnyal \u00e9s eredeti orvosi alkalmass\u00e1gi v\u00e9lem\u00e9nnyel jelenjen meg. A sz\u00fcks\u00e9ges adatai megad\u00e1s\u00e1val \u00e9s az elm\u00e9leti oktat\u00e1s d\u00edj\u00e1nak befizet\u00e9s\u00e9t k\u00f6vet\u0151en tanulm\u00e1nyi szerz\u0151d\u00e9st k\u00f6t\u00fcnk \u00e9s azonnal megkezdheti a k\u00e9pz\u00e9st.<\/li>\n<\/ul>\n<p>\n\n\n\n<\/p>\n<p>\n\n\n\n<\/p>\n<h3>A jelentkez\u00e9skor befizetend\u0151 d\u00edj 56.600 &#8211; Ft mely tartalmazza:<\/h3>\n<p>\n\n\n\n<\/p>\n<ul>\n<li>20.000.-Ft kedvezm\u00e9nnyel cs\u00f6kkentett elm\u00e9leti d\u00edj, els\u0151seg\u00e9ly tanfolyam d\u00edj, tanagyag k\u00f6lts\u00e9g valamint a hat\u00f3s\u00e1gi vizsgad\u00edjat. (Ha tett m\u00e1r els\u0151seg\u00e9ly vizsg\u00e1t, akkor 44.600.-Ft)<\/li>\n<li>A tanfolyam elv\u00e9gz\u00e9se ut\u00e1n r\u00e9szt vehet a hat\u00f3s\u00e1gi elm\u00e9leti vizsg\u00e1n el\u0151re egyeztetett id\u0151pontban.(B\u00e9k\u00e9scsaba, Szarvasi \u00fat 107.)<\/li>\n<li>A vizsgaid\u0151pontr\u00f3l e-mailban \u00e9rtes\u00edtj\u00fck a tanul\u00f3t.<\/li>\n<li>Sikeres elm\u00e9leti vizsg\u00e1t k\u00f6vet\u0151en&nbsp;h\u00edvja irod\u00e1nkat +36-30\/402-1010 sz\u00e1mon (MUNKANAPOKON 09:00-13:00 \u00f3r\u00e1ig). A vezet\u00e9si \u00f3r\u00e1kat mindig el\u0151re kell fizetni, el\u0151sz\u00f6r 8 \u00f3ra d\u00edj\u00e1t iskol\u00e1nk sz\u00e1mlasz\u00e1m\u00e1ra elutalva.<\/li>\n<\/ul>\n<p>\n\n\n\n<\/p>\n<h3>Utal\u00e1si adatok:<\/h3>\n<p>\n\n\n\n<\/p>\n<p>Kedvezm\u00e9nyezett: Therm\u00e1l Aut\u00f3siskola Kft.<\/p>\n<p>Sz\u00e1mlasz\u00e1m: 53200118-11080604<\/p>\n<p>K\u00f6zlem\u00e9ny: tanul\u00f3 neve, c\u00edme, els\u0151 8 \u00f3ra, oktat\u00f3 neve.<\/p>\n<p>\n\n\n\n<\/p>\n<h3>Tov\u00e1bbiakban fizetheti az \u00f3r\u00e1it sz\u00e1mlasz\u00e1mra, illetve lehet\u0151s\u00e9g van k\u00e9szp\u00e9nzes fizet\u00e9sre.<\/h3>\n<p>\n\n\n<p><\/p>\n<p><style>\/*! elementor - v3.5.6 - 28-02-2022 *\/<br \/>.elementor-widget-image{text-align:center}.elementor-widget-image a{display:inline-block}.elementor-widget-image a img[src$=\".svg\"]{width:48px}.elementor-widget-image img{vertical-align:middle;display:inline-block}<\/style>\n<\/p>","protected":false},"excerpt":{"rendered":"<p>E-Learning ISKOL\u00c1NK LEHET\u0150S\u00c9GET BIZTOS\u00cdT, HOGY AK\u00c1R OTTHON IS FELK\u00c9SZ\u00dcLJ\u00d6N A KRESZ VIZSG\u00c1J\u00c1RA. NEM KELL BEJ\u00c1RNI TANTERMI OKTAT\u00c1SRA, K\u00c9NYELMESEN OTTHON, A SAJ\u00c1T ID\u0150BEOSZT\u00c1SA SZERINT TUD FELK\u00c9SZ\u00dcLNI AZ ELM\u00c9LETI VIZSG\u00c1RA. ISKOL\u00c1NKN\u00c1L MINDEN K\u00d6LTS\u00c9GET (R\u00c9SZLETEKBEN) CSAK A FELMER\u00dcL\u00c9SEKOR KELL FIZETNI! Szerz\u0151d\u00e9sben garant\u00e1ljuk, hogy a felsorolt tanfolyamd\u00edjak 6 h\u00f3napig NEM EMELKEDNEK! El\u0151nyei: Modern, gyors, k\u00e9nyelmes \u00e9s hat\u00e9kony A felk\u00e9sz\u00fcl\u00e9s [&hellip;]<\/p>\n","protected":false},"author":1,"featured_media":2091,"parent":0,"menu_order":0,"comment_status":"closed","ping_status":"closed","template":"tmpl\/template-fullwidth.php","meta":[],"acf":[],"_links":{"self":[{"href":"https:\/\/thermalati.hu\/site\/wp-json\/wp\/v2\/pages\/30"}],"collection":[{"href":"https:\/\/thermalati.hu\/site\/wp-json\/wp\/v2\/pages"}],"about":[{"href":"https:\/\/thermalati.hu\/site\/wp-json\/wp\/v2\/types\/page"}],"author":[{"embeddable":true,"href":"https:\/\/thermalati.hu\/site\/wp-json\/wp\/v2\/users\/1"}],"replies":[{"embeddable":true,"href":"https:\/\/thermalati.hu\/site\/wp-json\/wp\/v2\/comments?post=30"}],"version-history":[{"count":29,"href":"https:\/\/thermalati.hu\/site\/wp-json\/wp\/v2\/pages\/30\/revisions"}],"predecessor-version":[{"id":2668,"href":"https:\/\/thermalati.hu\/site\/wp-json\/wp\/v2\/pages\/30\/revisions\/2668"}],"wp:featuredmedia":[{"embeddable":true,"href":"https:\/\/thermalati.hu\/site\/wp-json\/wp\/v2\/media\/2091"}],"wp:attachment":[{"href":"https:\/\/thermalati.hu\/site\/wp-json\/wp\/v2\/media?parent=30"}],"curies":[{"name":"wp","href":"https:\/\/api.w.org\/{rel}","templated":true}]}}